
264
In base 2, what is -1001010010010101100 + -11?
-1001010010010101111
In base 15, what is -534 + ea5?
971
In base 15, what is 10534 + 4?
10538
In base 9, what is -27 - -23617?
23580
In base 11, what is -3 + -37130?
-37133
In base 8, what is -7 - 103155?
-103164
In base 7, what is -65606 - 4?
-65613
In base 5, what is 1 + 220130?
220131
In base 8, what is -3 + -35443?
-35446
In base 3, what is -12100 + -20210211?
-21000011
In base 9, what is 76 - 304?
-217
In base 6, what is -4 + 123112?
123104
In base 9, what is -867752 - -4?
-867747
In base 16, what is -5a - -6ba?
660
In base 4, what is -1323222 + -20?
-1323302
In base 12, what is -2 - 61a86?
-61a88
In base 4, what is 213 - -133223200?
133230013
In base 9, what is -28258 + -3?
-28262
In base 9, what is -7 - -8733?
8725
In base 15, what is 4 - -7a3c?
7a41
In base 15, what is 3bad8 + 3?
3badb
In base 2, what is -100 + -11000101010111011101?
-11000101010111100001
In base 9, what is 18216 - -2?
18218
In base 7, what is 34 + 152006?
152043
In base 8, what is 50 + 14653?
14723
In base 4, what is -21020000 - -10?
-21013330
In base 14, what is -27b - 690?
-92b
In base 3, what is -102 + 11212012?
11211210
In base 11, what is -420 + -93?
-503
In base 10, what is 1 + -229541?
-229540
In base 9, what is -10 + -6026?
-6036
In base 8, what is -1357 - -3067?
1510
In base 12, what is a + 3992?
39a0
In base 8, what is 2 - 2774410?
-2774406
In base 8, what is 4 + 57254?
57260
In base 10, what is -783 + 289?
-494
In base 16, what is -4 + -f9a?
-f9e
In base 6, what is 501 - -32?
533
In base 4, what is -3201023 - 21?
-3201110
In base 7, what is -4 - -1101?
1064
In base 3, what is 122000 + 1111002?
2010002
In base 5, what is -112 + 1212?
1100
In base 6, what is 21354241 + -3?
21354234
In base 12, what is -36 + -1bb?
-235
In base 16, what is 4275 - 0?
4275
In base 9, what is -304 + 4346?
4042
In base 9, what is 72 + -6456?
-6374
In base 14, what is -1685 - -11?
-1674
In base 3, what is -110120100 - -1200?
-110111200
In base 16, what is 1c3be2 + 4?
1c3be6
In base 12, what is -9a20 + 12?
-9a0a
In base 4, what is -110 + 20030?
13320
In base 11, what is 29536 - -4?
2953a
In base 10, what is -5 + -1126791?
-1126796
In base 6, what is -20 - -41512?
41452
In base 14, what is 133 - 74?
9d
In base 15, what is 0 + 1534?
1534
In base 5, what is -1101033 - -223?
-1100310
In base 11, what is -2490 - -169?
-2322
In base 13, what is 9a17 - 3?
9a14
In base 13, what is -612 - -55?
-58a
In base 6, what is 3330550 + -3?
3330543
In base 5, what is 20 + -211233?
-211213
In base 3, what is -10011111 + 201?
-10010210
In base 11, what is 8 - 3150?
-3143
In base 7, what is 65 - 22642?
-22544
In base 15, what is 20d + 28?
236
In base 4, what is 310103003 - -10?
310103013
In base 15, what is 171 + 62a?
79b
In base 3, what is -20121122 + 2?
-20121120
In base 7, what is -314 - 6553?
-10200
In base 16, what is -d83 - -15?
-d6e
In base 14, what is -70 - 494?
-524
In base 15, what is -39b9e - -2?
-39b9c
In base 9, what is -4 - -54150?
54145
In base 6, what is 212511 - -34?
212545
In base 12, what is -98004 + 3?
-98001
In base 7, what is -2 - -34250?
34245
In base 4, what is -102 + 130232?
130130
In base 8, what is 305456 + 40?
305516
In base 7, what is -220461 - 0?
-220461
In base 8, what is 4 - -1363076?
1363102
In base 4, what is 10011 - 12102?
-2031
In base 4, what is 10133222101 + 2?
10133222103
In base 5, what is 1 + 20403?
20404
In base 8, what is 1 - -160024?
160025
In base 16, what is -94 + -a3b?
-acf
In base 10, what is 2908563 + -5?
2908558
In base 12, what is 71 + 5056?
5107
In base 16, what is 1ef2 + -5?
1eed
In base 2, what is -110010010100000 + -111?
-110010010100111
In base 3, what is -220 + 10001022?
10000102
In base 15, what is -12032 - -3?
-1202e
In base 7, what is 13 - 13005?
-12662
In base 16, what is cf4 - -6?
cfa
In base 14, what is -b - -7144?
7137
In base 7, what is -11025 + 633?
-10062
In base 3, what is 12 + 121211120221?
121211121010
In base 12, what is -822a9 - 1?
-822aa
In base 14, what is -6 - -d9c2?
d9ba
In base 16, what is -5 - 5fda?
-5fdf
In base 3, what is -121022112 - -10?
-121022102
In base 16, what is 19f2 + 4?
19f6
In base 8, what is 0 + -1222?
-1222
In base 13, what is 1b716 - -4?
1b71a
In base 10, what is 3786655 - -2?
3786657
In base 13, what is -4a24b4 + -5?
-4a24b9
In base 8, what is -2 - 5714?
-5716
In base 3, what is 10 - -20202110212?
20202110222
In base 7, what is -6 - -13643?
13634
In base 14, what is -5b329 - 2?
-5b32b
In base 15, what is 255689 + 2?
25568b
In base 15, what is 0 + 722?
722
In base 15, what is -2 - -1079e?
1079c
In base 11, what is -2 + -27810?
-27812
In base 11, what is 0 - -16252?
16252
In base 4, what is 2111220002 + 10?
2111220012
In base 5, what is -131421011 + 2?
-131421004
In base 11, what is 4 + 6378?
6381
In base 12, what is 8a85 + 8?
8a91
In base 10, what is -14840 + -4?
-14844
In base 10, what is -65338 - 5?
-65343
In base 11, what is 723 + -302a?
-2407
In base 3, what is -10200221102 + -1?
-10200221110
In base 10, what is -15 - 7148?
-7163
In base 10, what is -7738 + 5?
-7733
In base 3, what is -1020102221 - -22?
-1020102122
In base 11, what is -7122 - -4?
-7119
In base 11, what is 2133 - -125?
2258
In base 10, what is -4 - -928287?
928283
In base 9, what is 8816 + -607?
8208
In base 13, what is -4c124 + -6?
-4c12a
In base 16, what is -a + a1d?
a13
In base 9, what is -43435 - -2?
-43433
In base 5, what is -102230 + 1210?
-101020
In base 13, what is -5b + -400?
-45b
In base 15, what is 255b9 - -7?
255c1
In base 8, what is -15324111 - 0?
-15324111
In base 7, what is 134103 + 33?
134136
In base 3, what is -101111 - 20202?
-122020
In base 12, what is -975 - -3?
-972
In base 12, what is 1 + 3ba?
3bb
In base 11, what is -725660 - -4?
-725657
In base 8, what is 43 - -153001?
153044
In base 11, what is -5553 - -193?
-5370
In base 13, what is 4 - -c272?
c276
In base 15, what is -11 - -5158?
5147
In base 5, what is -13234234 - 3?
-13234242
In base 11, what is 409 - 25?
394
In base 16, what is 1adae + a?
1adb8
In base 15, what is -180 + -d2?
-262
In base 2, what is 10 - 10000011010011100111?
-10000011010011100101
In base 4, what is 301231 + -311?
300320
In base 15, what is -4c3 + -e?
-4d2
In base 8, what is -63 - 121?
-204
In base 3, what is 2200120 + 22?
2200212
In base 14, what is 1 + -240b?
-240a
In base 11, what is -672a2 + 9?
-67294
In base 9, what is -4 + 1613?
1608
In base 11, what is 48336a - -4?
483373
In base 15, what is 1 - -2e7e6?
2e7e7
In base 11, what is -266 - 411?
-677
In base 9, what is 2324 + 47?
2372
In base 7, what is -330131 - 1?
-330132
In base 8, what is -57117 - -6?
-57111
In base 10, what is 17567 - -12?
17579
In base 6, what is 210455 + 202?
211101
In base 10, what is -2 - 69562?
-69564
In base 10, what is 197 - 1517?
-1320
In base 9, what is -1 - 43684?
-43685
In base 12, what is -b + -29885?
-29894
In base 14, what is -47 + -12418?
-12461
In base 7, what is 216611 + 16?
216630
In base 16, what is -5 + 7dfd?
7df8
In base 14, what is -1008 + -195?
-119d
In base 8, what is 2 - -2645365?
2645367
In base 13, what is -10764 - 13?
-10777
In base 7, what is -3 - -640252?
640246
In base 2, what is -10111110111 + 11111?
-10111011000
In base 9, what is -2 - -84510?
84507
In base 8, what is 42425 + -160?
42245
In base 16, what is 2de + -37?
2a7
In base 7, what is -25 + -11416?
-11444
In base 15, what is -844 - -2d5?
-55e
In base 8, what is -113120 - 0?
-113120
In base 12, what is -8a271 - 4?
-8a275
In base 15, what is 111d4 - 1?
111d3
In base 12, what is -2 - -364994?
364992
In base 9, what is -70 + 542?
462
In base 16, what is d125 + 0?
d125
In base 6, what is 444 - -25325?
30213
In base 2, what is 10001101111000110 + 10110?
10001101111011100
In base 5, what is 11243411 + 4?
11243420
In base 16, what is 3b162 - 3?
3b15f
In base 2, what is -10110 - -111001000000?
111000101010
In base 15, what is 79d6 - -2b?
7a12
In base 8, what is -543342 + 5?
-543335
In base 4, what is -213111221 + -12?
-213111233
In base 5, what is 201120 + 11?
201131
In base 9, what is -56541 - -1?
-56540
In base 8, what is -2325 + -41?
-2366
In base 4, what is -112120 - 1332?
-120112
In base 14, what is 0 - -25172?
25172
In base 7, what is -5 + 14634?
14626
In base 5, what is 3241440 - 1